emainder when 31535 is divided by 1500?
35
What is the remainder when 16924 is divided by 217?
215
Calculate the remainder when 11480 is divided by 212.
32
What is the remainder when 11507 is divided by 965?
892
Calculate the remainder when 69747 is divided by 14.
13
What is the remainder when 4665 is divided by 462?
45
What is the remainder when 72274 is divided by 295?
294
Calculate the remainder when 253602 is divided by 53.
50
What is the remainder when 868360 is divided by 4?
0
Calculate the remainder when 17474 is divided by 37.
10
What is the remainder when 1820 is divided by 853?
114
Calculate the remainder when 11510 is divided by 226.
210
What is the remainder when 40398 is divided by 6729?
24
What is the remainder when 520 is divided by 57?
7
Calculate the remainder when 2592 is divided by 802.
186
What is the remainder when 15040 is divided by 2?
0
Calculate the remainder when 17263 is divided by 367.
14
What is the remainder when 106655 is divided by 264?
263
What is the remainder when 6543 is divided by 175?
68
What is the remainder when 2338 is divided by 668?
334
Calculate the remainder when 11920 is divided by 3787.
559
Calculate the remainder when 1563 is divided by 123.
87
Calculate the remainder when 109534 is divided by 19.
18
Calculate the remainder when 115900 is divided by 17.
11
What is the remainder when 8483 is divided by 201?
41
Calculate the remainder when 1912 is divided by 26.
14
Calculate the remainder when 76723 is divided by 25564.
31
What is the remainder when 50631 is divided by 29?
26
What is the remainder when 61839 is divided by 578?
571
What is the remainder when 3752999 is divided by 75?
74
Calculate the remainder when 21144 is divided by 37.
17
What is the remainder when 9815 is divided by 69?
17
What is the remainder when 12746 is divided by 1590?
26
Calculate the remainder when 26995 is divided by 150.
145
What is the remainder when 8124 is divided by 2707?
3
Calculate the remainder when 4636 is divided by 29.
25
Calculate the remainder when 469659 is divided by 58706.
11
Calculate the remainder when 114737 is divided by 933.
911
What is the remainder when 19058 is divided by 1085?
613
What is the remainder when 135910 is divided by 5?
0
What is the remainder when 3269 is divided by 869?
662
What is the remainder when 23183 is divided by 162?
17
What is the remainder when 88508 is divided by 88448?
60
What is the remainder when 5336 is divided by 231?
23
What is the remainder when 24634 is divided by 6155?
14
Calculate the remainder when 429803 is divided by 12.
11
Calculate the remainder when 33523 is divided by 116.
115
What is the remainder when 20210 is divided by 18?
14
Calculate the remainder when 56642 is divided by 8043.
341
Calculate the remainder when 217830 is divided by 6406.
26
What is the remainder when 378269 is divided by 965?
954
What is the remainder when 264772 is divided by 110?
2
Calculate the remainder when 81787 is divided by 939.
94
Calculate the remainder when 3123 is divided by 56.
43
What is the remainder when 4303 is divided by 164?
39
What is the remainder when 23297 is divided by 20?
17
What is the remainder when 25742 is divided by 486?
470
Calculate the remainder when 4085 is divided by 310.
55
Calculate the remainder when 3129 is divided by 347.
6
Calculate the remainder when 2821 is divided by 1014.
793
Calculate the remainder when 13205 is divided by 456.
437
What is the remainder when 558 is divided by 334?
224
What is the remainder when 104441 is divided by 13054?
9
Calculate the remainder when 51827 is divided by 408.
11
Calculate the remainder when 3047 is divided by 131.
34
Calculate the remainder when 4784 is divided by 85.
24
What is the remainder when 38814 is divided by 19402?
10
Calculate the remainder when 323829 is divided by 53.
52
Calculate the remainder when 14070 is divided by 92.
86
What is the remainder when 157436 is divided by 706?
704
Calculate the remainder when 759 is divided by 6.
3
What is the remainder when 42370 is divided by 1412?
10
Calculate the remainder when 28941 is divided by 270.
51
What is the remainder when 210481 is divided by 1042?
1039
What is the remainder when 49002 is divided by 130?
122
What is the remainder when 664951 is divided by 28?
7
What is the remainder when 3245 is divided by 1617?
11
Calculate the remainder when 119230 is divided by 36.
34
Calculate the remainder when 2010 is divided by 109.
48
Calculate the remainder when 936979 is divided by 27.
25
Calculate the remainder when 5470 is divided by 158.
98
What is the remainder when 25276 is divided by 27?
4
Calculate the remainder when 4223 is divided by 1970.
283
What is the remainder when 17872 is divided by 543?
496
Calculate the remainder when 2364266 is divided by 20.
6
What is the remainder when 4603 is divided by 243?
229
What is the remainder when 12238 is divided by 1479?
406
Calculate the remainder when 26488 is divided by 2037.
7
What is the remainder when 29372 is divided by 74?
68
Calculate the remainder when 2086 is divided by 159.
19
Calculate the remainder when 85 is divided by 29.
27
Calculate the remainder when 73240 is divided by 555.
535
Calculate the remainder when 7889 is divided by 770.
189
What is the remainder when 13315 is divided by 77?
71
Calculate the remainder when 12003 is divided by 200.
3
What is the remainder when 183838 is divided by 36765?
13
What is the remainder when 35361 is divided by 561?
18
Calculate the remainder when 3653 is divided by 228.
5
Calculate the remainder when 43696 is divided by 460.
456
What is the remainder when 4663 is divided by 597?
484
What is the remainder when 13270 is divided by 79?
77
What is the remainder when 6345 is divided by 495?
405
Calculate the remainder when 23564 is divided by 4711.
9
What is the remainder when 27378 is divided by 27283?
95
What is the remainder when 22410 is divided by 202?
190
Calculate the remainder when 10121189 is divided by 15.
14
Calculate the remainder when 14895 is divided by 86.
17
What is the remainder when 107661 is divided by 194?
185
Calculate the remainder when 403 is divided by 272.
131
Calculate the remainder when 167922 is divided by 75.
72
What is the remainder when 257596 is divided by 51515?
21
Calculate the remainder when 326570 is divided by 47.
14
What is the remainder when 5988 is divided by 37?
31
What is the remainder when 57285 is divided by 56?
53
What is the remainder when 448292 is divided by 781?
779
What is the remainder when 796 is divided by 23?
14
Calculate the remainder when 1874929 is divided by 269.
268
Calculate the remainder when 39306 is divided by 312.
306
Calculate the remainder when 200884 is divided by 116.
88
Calculate the remainder when 2732272 is divided by 153.
151
What is the remainder when 264 is divided by 71?
51
What is the remainder when 47888 is divided by 11927?
180
What is the remainder when 10056 is divided by 5?
1
Calculate the remainder when 93022 is divided by 6201.
7
What is the remainder when 18347 is divided by 1555?
1242
What is the remainder when 299 is divided by 121?
57
Calculate the remainder when 53537 is divided by 787.
21
Calculate the remainder when 26455 is divided by 294.
289
Calculate the remainder when 60803 is divided by 204.
11
Calculate the remainder when 4570 is divided by 516.
442
What is the remainder when 114838 is divided by 290?
288
Calculate the remainder when 37781 is divided by 12543.
152
Calculate the remainder when 46154 is divided by 388.
370
What is the remainder when 25493 is divided by 149?
14
What is the remainder when 82014 is divided by 11715?
9
What is the remainder when 14268 is divided by 2376?
12
What is the remainder when 250150 is divided by 2102?
12
What is the remainder when 34711 is divided by 53?
49
Calculate the remainder when 22880 is divided by 545.
535
Calculate the remainder when 3237700 is divided by 1079229.
13
What is the remainder when 2009 is divided by 110?
29
Calculate the remainder when 4308685 is divided by 57.
55
Calculate the remainder when 46179 is divided by 352.
67
What is the remainder when 1570 is divided by 975?
595
What is the remainder when 270837 is divided by 732?
729
What is the remainder when 7463 is divided by 7440?
23
What is the 